
-- GastoHogar Backup - 2026-07-26 17:35:35



CREATE TABLE `categoria` (
  `id_categoria` int(11) NOT NULL AUTO_INCREMENT,
  `nombre` varchar(50) NOT NULL,
  PRIMARY KEY (`id_categoria`)
) ENGINE=InnoDB AUTO_INCREMENT=31 DEFAULT CHARSET=utf8mb4 COLLATE=utf8mb4_unicode_ci;

INSERT INTO categoria (id_categoria, nombre) VALUES ('18', 'Alquiler_Expensas');
INSERT INTO categoria (id_categoria, nombre) VALUES ('19', 'Impuestos_casa');
INSERT INTO categoria (id_categoria, nombre) VALUES ('20', 'Alimentos');
INSERT INTO categoria (id_categoria, nombre) VALUES ('21', 'Auto');
INSERT INTO categoria (id_categoria, nombre) VALUES ('22', 'Recreacion');
INSERT INTO categoria (id_categoria, nombre) VALUES ('23', 'Imprevistos');
INSERT INTO categoria (id_categoria, nombre) VALUES ('24', 'Streaming');
INSERT INTO categoria (id_categoria, nombre) VALUES ('25', 'MercadoLibre');
INSERT INTO categoria (id_categoria, nombre) VALUES ('26', 'Ropa Colegio');
INSERT INTO categoria (id_categoria, nombre) VALUES ('27', 'Ropa Informal');
INSERT INTO categoria (id_categoria, nombre) VALUES ('28', 'Remedios');
INSERT INTO categoria (id_categoria, nombre) VALUES ('29', 'Colegio');
INSERT INTO categoria (id_categoria, nombre) VALUES ('30', 'Celular_Internet');


CREATE TABLE `ingreso` (
  `id_ingreso` int(11) NOT NULL AUTO_INCREMENT,
  `origen` varchar(100) NOT NULL,
  `monto` decimal(10,2) NOT NULL,
  `periodo` varchar(50) NOT NULL,
  `fecha_ingreso` timestamp NULL DEFAULT current_timestamp(),
  PRIMARY KEY (`id_ingreso`)
) ENGINE=InnoDB AUTO_INCREMENT=12 DEFAULT CHARSET=utf8mb4 COLLATE=utf8mb4_unicode_ci;

INSERT INTO ingreso (id_ingreso, origen, monto, periodo, fecha_ingreso) VALUES ('3', 'Sueldo', '4074848.93', 'FEBRERO_2026', '2026-02-01 00:00:00');
INSERT INTO ingreso (id_ingreso, origen, monto, periodo, fecha_ingreso) VALUES ('4', 'Efectivo', '140090.00', 'FEBRERO_2026', '2026-02-01 00:00:00');
INSERT INTO ingreso (id_ingreso, origen, monto, periodo, fecha_ingreso) VALUES ('5', 'Sueldo', '2490000.00', 'MARZO_2026', '2026-03-01 00:00:00');
INSERT INTO ingreso (id_ingreso, origen, monto, periodo, fecha_ingreso) VALUES ('6', 'Efectivo ', '40000.00', 'MARZO_2026', '2026-03-02 00:00:00');
INSERT INTO ingreso (id_ingreso, origen, monto, periodo, fecha_ingreso) VALUES ('7', 'Sueldo', '2600000.00', 'ABRIL_2026', '2026-04-01 00:00:00');
INSERT INTO ingreso (id_ingreso, origen, monto, periodo, fecha_ingreso) VALUES ('8', 'Sueldo', '2924321.00', 'MAYO_2026', '2026-05-01 00:00:00');
INSERT INTO ingreso (id_ingreso, origen, monto, periodo, fecha_ingreso) VALUES ('9', 'Sueldo', '2725121.00', 'JUNIO_2026', '2026-06-01 00:00:00');
INSERT INTO ingreso (id_ingreso, origen, monto, periodo, fecha_ingreso) VALUES ('11', 'Sueldo', '3163361.00', 'JULIO_2026', '2026-07-01 00:00:00');


CREATE TABLE `gasto` (
  `id_gasto` int(11) NOT NULL AUTO_INCREMENT,
  `id_categoria` int(11) DEFAULT NULL,
  `detalle` varchar(255) NOT NULL,
  `monto` decimal(10,2) NOT NULL,
  `fecha_gasto` date NOT NULL,
  `periodo` varchar(50) DEFAULT NULL,
  `alerta` tinyint(1) DEFAULT 0,
  `observaciones` text DEFAULT NULL,
  PRIMARY KEY (`id_gasto`),
  KEY `id_categoria` (`id_categoria`),
  CONSTRAINT `gasto_ibfk_1` FOREIGN KEY (`id_categoria`) REFERENCES `categoria` (`id_categoria`) ON DELETE SET NULL
) ENGINE=InnoDB AUTO_INCREMENT=123 DEFAULT CHARSET=utf8mb4 COLLATE=utf8mb4_unicode_ci;

INSERT INTO gasto (id_gasto, id_categoria, detalle, monto, fecha_gasto, periodo, alerta, observaciones) VALUES ('12', '24', 'Prime + ', '3250.00', '2026-02-02', 'FEBRERO_2026', '1', 'Cancelacion antes del 1 de Marzo');
INSERT INTO gasto (id_gasto, id_categoria, detalle, monto, fecha_gasto, periodo, alerta, observaciones) VALUES ('13', '21', 'Anticongelante x2', '5200.00', '2026-02-02', 'FEBRERO_2026', '1', '');
INSERT INTO gasto (id_gasto, id_categoria, detalle, monto, fecha_gasto, periodo, alerta, observaciones) VALUES ('14', '20', 'Almacen', '12159.00', '2026-02-02', 'FEBRERO_2026', '0', '');
INSERT INTO gasto (id_gasto, id_categoria, detalle, monto, fecha_gasto, periodo, alerta, observaciones) VALUES ('15', '30', 'Movistar', '43641.84', '2026-02-03', 'FEBRERO_2026', '0', '');
INSERT INTO gasto (id_gasto, id_categoria, detalle, monto, fecha_gasto, periodo, alerta, observaciones) VALUES ('16', '20', 'San Nicolas', '99042.71', '2026-02-03', 'FEBRERO_2026', '0', '');
INSERT INTO gasto (id_gasto, id_categoria, detalle, monto, fecha_gasto, periodo, alerta, observaciones) VALUES ('17', '22', 'Celsius', '9000.00', '2026-02-04', 'FEBRERO_2026', '0', '');
INSERT INTO gasto (id_gasto, id_categoria, detalle, monto, fecha_gasto, periodo, alerta, observaciones) VALUES ('18', '25', 'Compras en ML', '157828.73', '2026-02-04', 'FEBRERO_2026', '1', '');
INSERT INTO gasto (id_gasto, id_categoria, detalle, monto, fecha_gasto, periodo, alerta, observaciones) VALUES ('19', '24', 'HBO MAX', '7105.70', '2026-02-03', 'FEBRERO_2026', '0', '');
INSERT INTO gasto (id_gasto, id_categoria, detalle, monto, fecha_gasto, periodo, alerta, observaciones) VALUES ('20', '20', 'Almuerzo - Ens.Mex.Sushi', '23977.00', '2026-02-04', 'FEBRERO_2026', '0', '');
INSERT INTO gasto (id_gasto, id_categoria, detalle, monto, fecha_gasto, periodo, alerta, observaciones) VALUES ('21', '22', 'Birra con Javy', '9000.00', '2026-02-06', 'FEBRERO_2026', '0', '');
INSERT INTO gasto (id_gasto, id_categoria, detalle, monto, fecha_gasto, periodo, alerta, observaciones) VALUES ('22', '24', 'Fibertel', '33233.28', '2026-02-06', 'FEBRERO_2026', '0', '');
INSERT INTO gasto (id_gasto, id_categoria, detalle, monto, fecha_gasto, periodo, alerta, observaciones) VALUES ('23', '22', 'Asado con los primos', '121000.00', '2026-02-06', 'FEBRERO_2026', '0', '');
INSERT INTO gasto (id_gasto, id_categoria, detalle, monto, fecha_gasto, periodo, alerta, observaciones) VALUES ('24', '29', 'Camperas para el colegio x 2', '230000.00', '2026-02-06', 'FEBRERO_2026', '0', '');
INSERT INTO gasto (id_gasto, id_categoria, detalle, monto, fecha_gasto, periodo, alerta, observaciones) VALUES ('25', '27', 'Levis', '197400.00', '2026-02-06', 'FEBRERO_2026', '0', '');
INSERT INTO gasto (id_gasto, id_categoria, detalle, monto, fecha_gasto, periodo, alerta, observaciones) VALUES ('26', '22', 'Starbuck', '25000.00', '2026-02-06', 'FEBRERO_2026', '0', '');
INSERT INTO gasto (id_gasto, id_categoria, detalle, monto, fecha_gasto, periodo, alerta, observaciones) VALUES ('27', '23', 'Regalo Cumple de Carolina', '35000.00', '2026-02-06', 'FEBRERO_2026', '0', '');
INSERT INTO gasto (id_gasto, id_categoria, detalle, monto, fecha_gasto, periodo, alerta, observaciones) VALUES ('28', '21', 'Aceite', '20000.00', '2026-02-07', 'FEBRERO_2026', '1', '');
INSERT INTO gasto (id_gasto, id_categoria, detalle, monto, fecha_gasto, periodo, alerta, observaciones) VALUES ('29', '20', 'Chino', '14500.00', '2026-02-08', 'FEBRERO_2026', '0', '');
INSERT INTO gasto (id_gasto, id_categoria, detalle, monto, fecha_gasto, periodo, alerta, observaciones) VALUES ('30', '23', 'Pasaporte de Valentina', '70000.00', '2026-02-08', 'FEBRERO_2026', '0', '');
INSERT INTO gasto (id_gasto, id_categoria, detalle, monto, fecha_gasto, periodo, alerta, observaciones) VALUES ('31', '28', 'Omeprazon', '14000.00', '2026-02-09', 'FEBRERO_2026', '0', '');
INSERT INTO gasto (id_gasto, id_categoria, detalle, monto, fecha_gasto, periodo, alerta, observaciones) VALUES ('32', '19', 'Impuestos de la casa', '70142.87', '2026-02-09', 'FEBRERO_2026', '0', '');
INSERT INTO gasto (id_gasto, id_categoria, detalle, monto, fecha_gasto, periodo, alerta, observaciones) VALUES ('33', '29', 'MaxDream', '64400.00', '2026-02-09', 'FEBRERO_2026', '0', '');
INSERT INTO gasto (id_gasto, id_categoria, detalle, monto, fecha_gasto, periodo, alerta, observaciones) VALUES ('34', '21', 'Seguro del auto', '143313.00', '2026-02-10', 'FEBRERO_2026', '0', '');
INSERT INTO gasto (id_gasto, id_categoria, detalle, monto, fecha_gasto, periodo, alerta, observaciones) VALUES ('35', '20', 'Pedido YA', '23977.00', '2026-02-10', 'FEBRERO_2026', '0', '');
INSERT INTO gasto (id_gasto, id_categoria, detalle, monto, fecha_gasto, periodo, alerta, observaciones) VALUES ('36', '20', 'Chino Tigre Centro', '28500.00', '2026-02-10', 'FEBRERO_2026', '0', '');
INSERT INTO gasto (id_gasto, id_categoria, detalle, monto, fecha_gasto, periodo, alerta, observaciones) VALUES ('37', '18', 'Alquiler y expensas', '720000.00', '2026-02-10', 'FEBRERO_2026', '0', '');
INSERT INTO gasto (id_gasto, id_categoria, detalle, monto, fecha_gasto, periodo, alerta, observaciones) VALUES ('38', '29', 'Zapatillas Valen', '75000.00', '2026-02-10', 'FEBRERO_2026', '0', '');
INSERT INTO gasto (id_gasto, id_categoria, detalle, monto, fecha_gasto, periodo, alerta, observaciones) VALUES ('39', '22', 'Celsius', '9000.00', '2026-02-11', 'FEBRERO_2026', '0', '');
INSERT INTO gasto (id_gasto, id_categoria, detalle, monto, fecha_gasto, periodo, alerta, observaciones) VALUES ('40', '20', 'Delivery Salteño', '41059.00', '2026-02-11', 'FEBRERO_2026', '0', '');
INSERT INTO gasto (id_gasto, id_categoria, detalle, monto, fecha_gasto, periodo, alerta, observaciones) VALUES ('41', '22', 'La Palma', '29000.00', '2026-02-12', 'FEBRERO_2026', '0', '');
INSERT INTO gasto (id_gasto, id_categoria, detalle, monto, fecha_gasto, periodo, alerta, observaciones) VALUES ('42', '20', 'Almacen Rafa', '11500.00', '2026-02-12', 'FEBRERO_2026', '0', '');
INSERT INTO gasto (id_gasto, id_categoria, detalle, monto, fecha_gasto, periodo, alerta, observaciones) VALUES ('43', '22', 'Hospital Militar', '11200.00', '2026-02-12', 'FEBRERO_2026', '0', '');
INSERT INTO gasto (id_gasto, id_categoria, detalle, monto, fecha_gasto, periodo, alerta, observaciones) VALUES ('44', '21', 'Seguro del auto', '143000.00', '2026-02-13', 'FEBRERO_2026', '0', '');
INSERT INTO gasto (id_gasto, id_categoria, detalle, monto, fecha_gasto, periodo, alerta, observaciones) VALUES ('45', '22', 'Celcius', '9000.00', '2026-02-13', 'FEBRERO_2026', '0', '');
INSERT INTO gasto (id_gasto, id_categoria, detalle, monto, fecha_gasto, periodo, alerta, observaciones) VALUES ('46', '20', 'Carrefour', '47337.21', '2026-02-14', 'FEBRERO_2026', '0', '');
INSERT INTO gasto (id_gasto, id_categoria, detalle, monto, fecha_gasto, periodo, alerta, observaciones) VALUES ('47', '29', 'Remeras y  medias de Valen', '55000.00', '2026-02-14', 'FEBRERO_2026', '0', '');
INSERT INTO gasto (id_gasto, id_categoria, detalle, monto, fecha_gasto, periodo, alerta, observaciones) VALUES ('48', '29', 'Zapatillas Sofi', '75000.00', '2026-02-15', 'FEBRERO_2026', '0', '');
INSERT INTO gasto (id_gasto, id_categoria, detalle, monto, fecha_gasto, periodo, alerta, observaciones) VALUES ('49', '20', 'Chinos', '5600.00', '2026-02-17', 'FEBRERO_2026', '0', '');
INSERT INTO gasto (id_gasto, id_categoria, detalle, monto, fecha_gasto, periodo, alerta, observaciones) VALUES ('50', '20', 'Honky', '8400.00', '2026-02-17', 'FEBRERO_2026', '0', '');
INSERT INTO gasto (id_gasto, id_categoria, detalle, monto, fecha_gasto, periodo, alerta, observaciones) VALUES ('51', '22', 'Heladeria', '22500.00', '2026-02-17', 'FEBRERO_2026', '0', '');
INSERT INTO gasto (id_gasto, id_categoria, detalle, monto, fecha_gasto, periodo, alerta, observaciones) VALUES ('52', '20', 'Alimentos del dia', '43066.36', '2026-02-18', 'FEBRERO_2026', '0', '');
INSERT INTO gasto (id_gasto, id_categoria, detalle, monto, fecha_gasto, periodo, alerta, observaciones) VALUES ('53', '30', 'Celulares', '48224.37', '2026-03-01', 'MARZO_2026', '0', '');
INSERT INTO gasto (id_gasto, id_categoria, detalle, monto, fecha_gasto, periodo, alerta, observaciones) VALUES ('54', '24', 'Netflix', '31208.94', '2026-03-01', 'MARZO_2026', '0', '');
INSERT INTO gasto (id_gasto, id_categoria, detalle, monto, fecha_gasto, periodo, alerta, observaciones) VALUES ('55', '20', 'Almacen El Rafa', '21690.00', '2026-03-02', 'MARZO_2026', '0', '');
INSERT INTO gasto (id_gasto, id_categoria, detalle, monto, fecha_gasto, periodo, alerta, observaciones) VALUES ('56', '20', 'Almacen El Rafa', '25564.89', '2026-03-03', 'MARZO_2026', '0', '');
INSERT INTO gasto (id_gasto, id_categoria, detalle, monto, fecha_gasto, periodo, alerta, observaciones) VALUES ('57', '22', 'Helado', '16000.00', '2026-03-05', 'MARZO_2026', '0', '');
INSERT INTO gasto (id_gasto, id_categoria, detalle, monto, fecha_gasto, periodo, alerta, observaciones) VALUES ('58', '20', 'Verduleria', '4900.00', '2026-03-06', 'MARZO_2026', '0', '');
INSERT INTO gasto (id_gasto, id_categoria, detalle, monto, fecha_gasto, periodo, alerta, observaciones) VALUES ('59', '25', 'Cuotas de Meli', '241435.72', '2026-03-06', 'MARZO_2026', '0', '');
INSERT INTO gasto (id_gasto, id_categoria, detalle, monto, fecha_gasto, periodo, alerta, observaciones) VALUES ('60', '20', 'Queseria', '8626.92', '2026-03-06', 'MARZO_2026', '0', '');
INSERT INTO gasto (id_gasto, id_categoria, detalle, monto, fecha_gasto, periodo, alerta, observaciones) VALUES ('61', '20', 'Coto', '210933.60', '2026-03-06', 'MARZO_2026', '0', '');
INSERT INTO gasto (id_gasto, id_categoria, detalle, monto, fecha_gasto, periodo, alerta, observaciones) VALUES ('62', '29', 'MaxDream', '69552.00', '2026-03-09', 'MARZO_2026', '0', '');
INSERT INTO gasto (id_gasto, id_categoria, detalle, monto, fecha_gasto, periodo, alerta, observaciones) VALUES ('63', '18', 'Alquiler y expensas', '720000.00', '2026-03-10', 'MARZO_2026', '0', '');
INSERT INTO gasto (id_gasto, id_categoria, detalle, monto, fecha_gasto, periodo, alerta, observaciones) VALUES ('64', '21', 'Nafta', '95000.00', '2026-03-10', 'MARZO_2026', '0', '');
INSERT INTO gasto (id_gasto, id_categoria, detalle, monto, fecha_gasto, periodo, alerta, observaciones) VALUES ('65', '29', 'Cuaderno Comunicaciones', '8000.00', '2026-03-10', 'MARZO_2026', '0', '');
INSERT INTO gasto (id_gasto, id_categoria, detalle, monto, fecha_gasto, periodo, alerta, observaciones) VALUES ('66', '29', 'Buffet Sofia', '40000.00', '2026-03-10', 'MARZO_2026', '0', '');
INSERT INTO gasto (id_gasto, id_categoria, detalle, monto, fecha_gasto, periodo, alerta, observaciones) VALUES ('67', '19', 'Impuestos de la casa', '66561.51', '2026-03-10', 'MARZO_2026', '0', '');
INSERT INTO gasto (id_gasto, id_categoria, detalle, monto, fecha_gasto, periodo, alerta, observaciones) VALUES ('68', '21', 'Seguro', '158668.00', '2026-03-10', 'MARZO_2026', '0', '');
INSERT INTO gasto (id_gasto, id_categoria, detalle, monto, fecha_gasto, periodo, alerta, observaciones) VALUES ('69', '29', 'Misericordia', '210531.10', '2026-03-10', 'MARZO_2026', '0', '');
INSERT INTO gasto (id_gasto, id_categoria, detalle, monto, fecha_gasto, periodo, alerta, observaciones) VALUES ('70', '27', 'Ropa Valen (Temu)', '122000.00', '2026-03-10', 'MARZO_2026', '0', '');
INSERT INTO gasto (id_gasto, id_categoria, detalle, monto, fecha_gasto, periodo, alerta, observaciones) VALUES ('71', '21', 'Aceite 1L', '24000.00', '2026-03-11', 'MARZO_2026', '0', '');
INSERT INTO gasto (id_gasto, id_categoria, detalle, monto, fecha_gasto, periodo, alerta, observaciones) VALUES ('72', '20', 'Verdularia y Almacen', '22000.00', '2026-03-14', 'MARZO_2026', '0', '');
INSERT INTO gasto (id_gasto, id_categoria, detalle, monto, fecha_gasto, periodo, alerta, observaciones) VALUES ('73', '21', 'Nafta', '131870.00', '2026-04-03', 'ABRIL_2026', '0', '');
INSERT INTO gasto (id_gasto, id_categoria, detalle, monto, fecha_gasto, periodo, alerta, observaciones) VALUES ('74', '20', 'COTO', '200640.40', '2026-04-03', 'ABRIL_2026', '0', '');
INSERT INTO gasto (id_gasto, id_categoria, detalle, monto, fecha_gasto, periodo, alerta, observaciones) VALUES ('75', '30', 'Movistar', '56497.65', '2026-04-04', 'ABRIL_2026', '0', '');
INSERT INTO gasto (id_gasto, id_categoria, detalle, monto, fecha_gasto, periodo, alerta, observaciones) VALUES ('76', '30', 'Personal', '80677.32', '2026-04-04', 'ABRIL_2026', '0', '');
INSERT INTO gasto (id_gasto, id_categoria, detalle, monto, fecha_gasto, periodo, alerta, observaciones) VALUES ('77', '22', 'Kentucky', '50000.00', '2026-04-03', 'ABRIL_2026', '0', '');
INSERT INTO gasto (id_gasto, id_categoria, detalle, monto, fecha_gasto, periodo, alerta, observaciones) VALUES ('78', '24', 'HBO', '8122.73', '2026-04-05', 'ABRIL_2026', '0', '');
INSERT INTO gasto (id_gasto, id_categoria, detalle, monto, fecha_gasto, periodo, alerta, observaciones) VALUES ('79', '28', 'Buscapina+Ibu', '9171.50', '2026-04-05', 'ABRIL_2026', '0', '');
INSERT INTO gasto (id_gasto, id_categoria, detalle, monto, fecha_gasto, periodo, alerta, observaciones) VALUES ('80', '28', 'Neotrato de Magnesio', '21100.00', '2026-04-05', 'ABRIL_2026', '0', '');
INSERT INTO gasto (id_gasto, id_categoria, detalle, monto, fecha_gasto, periodo, alerta, observaciones) VALUES ('81', '20', 'Rafa-Carniceria-Verduleria', '62680.00', '2026-04-08', 'ABRIL_2026', '0', '');
INSERT INTO gasto (id_gasto, id_categoria, detalle, monto, fecha_gasto, periodo, alerta, observaciones) VALUES ('82', '29', 'Cuota Abril', '225913.90', '2026-04-08', 'ABRIL_2026', '0', '');
INSERT INTO gasto (id_gasto, id_categoria, detalle, monto, fecha_gasto, periodo, alerta, observaciones) VALUES ('83', '29', 'Maxdream', '64400.00', '2026-04-08', 'ABRIL_2026', '0', '');
INSERT INTO gasto (id_gasto, id_categoria, detalle, monto, fecha_gasto, periodo, alerta, observaciones) VALUES ('84', '21', 'Seguro Iunigo', '153435.00', '2026-04-09', 'ABRIL_2026', '0', '');
INSERT INTO gasto (id_gasto, id_categoria, detalle, monto, fecha_gasto, periodo, alerta, observaciones) VALUES ('85', '19', 'Impuesto ', '85408.00', '2026-04-13', 'ABRIL_2026', '0', '');
INSERT INTO gasto (id_gasto, id_categoria, detalle, monto, fecha_gasto, periodo, alerta, observaciones) VALUES ('86', '20', 'Almuerzo', '46825.25', '2026-04-14', 'ABRIL_2026', '0', '');
INSERT INTO gasto (id_gasto, id_categoria, detalle, monto, fecha_gasto, periodo, alerta, observaciones) VALUES ('87', '28', 'Omeprasol', '3000.00', '2026-04-14', 'ABRIL_2026', '0', '');
INSERT INTO gasto (id_gasto, id_categoria, detalle, monto, fecha_gasto, periodo, alerta, observaciones) VALUES ('88', '18', 'Abril 2026', '820000.00', '2026-04-14', 'ABRIL_2026', '0', '');
INSERT INTO gasto (id_gasto, id_categoria, detalle, monto, fecha_gasto, periodo, alerta, observaciones) VALUES ('89', '24', 'Youtube Premiun', '9000.00', '2026-04-18', 'ABRIL_2026', '0', '');
INSERT INTO gasto (id_gasto, id_categoria, detalle, monto, fecha_gasto, periodo, alerta, observaciones) VALUES ('90', '21', 'Nafta', '80000.00', '2026-04-19', 'ABRIL_2026', '0', '');
INSERT INTO gasto (id_gasto, id_categoria, detalle, monto, fecha_gasto, periodo, alerta, observaciones) VALUES ('91', '20', 'San Nicolas', '57811.53', '2026-05-01', 'MAYO_2026', '0', '');
INSERT INTO gasto (id_gasto, id_categoria, detalle, monto, fecha_gasto, periodo, alerta, observaciones) VALUES ('92', '24', 'Netflix', '31208.94', '2026-05-01', 'MAYO_2026', '0', '');
INSERT INTO gasto (id_gasto, id_categoria, detalle, monto, fecha_gasto, periodo, alerta, observaciones) VALUES ('93', '30', 'Movistar', '58437.42', '2026-05-04', 'MAYO_2026', '0', '');
INSERT INTO gasto (id_gasto, id_categoria, detalle, monto, fecha_gasto, periodo, alerta, observaciones) VALUES ('94', '25', 'MercadoPago', '241207.14', '2026-05-04', 'MAYO_2026', '0', '');
INSERT INTO gasto (id_gasto, id_categoria, detalle, monto, fecha_gasto, periodo, alerta, observaciones) VALUES ('95', '30', 'Internet', '49250.05', '2026-05-04', 'MAYO_2026', '0', '');
INSERT INTO gasto (id_gasto, id_categoria, detalle, monto, fecha_gasto, periodo, alerta, observaciones) VALUES ('96', '21', 'Nafta', '127015.07', '2026-05-05', 'MAYO_2026', '0', '');
INSERT INTO gasto (id_gasto, id_categoria, detalle, monto, fecha_gasto, periodo, alerta, observaciones) VALUES ('97', '29', 'Maxdream', '64400.00', '2026-05-07', 'MAYO_2026', '0', '');
INSERT INTO gasto (id_gasto, id_categoria, detalle, monto, fecha_gasto, periodo, alerta, observaciones) VALUES ('98', '29', 'Cuota Mayo', '233905.90', '2026-05-07', 'MAYO_2026', '0', '');
INSERT INTO gasto (id_gasto, id_categoria, detalle, monto, fecha_gasto, periodo, alerta, observaciones) VALUES ('99', '20', 'Rafa', '19830.00', '2026-05-07', 'MAYO_2026', '0', '');
INSERT INTO gasto (id_gasto, id_categoria, detalle, monto, fecha_gasto, periodo, alerta, observaciones) VALUES ('100', '20', 'Coto 8MAY', '203570.62', '2026-05-08', 'MAYO_2026', '0', '');
INSERT INTO gasto (id_gasto, id_categoria, detalle, monto, fecha_gasto, periodo, alerta, observaciones) VALUES ('101', '18', 'Alquiler + Expensas', '820000.00', '2026-05-11', 'MAYO_2026', '0', '');
INSERT INTO gasto (id_gasto, id_categoria, detalle, monto, fecha_gasto, periodo, alerta, observaciones) VALUES ('102', '19', 'Impuestos', '54316.22', '2026-05-11', 'MAYO_2026', '0', '');
INSERT INTO gasto (id_gasto, id_categoria, detalle, monto, fecha_gasto, periodo, alerta, observaciones) VALUES ('103', '21', 'Seguro del Auto', '171828.00', '2026-05-11', 'MAYO_2026', '0', '');
INSERT INTO gasto (id_gasto, id_categoria, detalle, monto, fecha_gasto, periodo, alerta, observaciones) VALUES ('104', '21', 'Filtros', '94510.00', '2026-05-11', 'MAYO_2026', '0', '');
INSERT INTO gasto (id_gasto, id_categoria, detalle, monto, fecha_gasto, periodo, alerta, observaciones) VALUES ('105', '21', 'Nafta', '134032.00', '2026-06-01', 'JUNIO_2026', '0', '');
INSERT INTO gasto (id_gasto, id_categoria, detalle, monto, fecha_gasto, periodo, alerta, observaciones) VALUES ('106', '24', 'Netflix', '20398.00', '2026-06-01', 'JUNIO_2026', '0', '');
INSERT INTO gasto (id_gasto, id_categoria, detalle, monto, fecha_gasto, periodo, alerta, observaciones) VALUES ('107', '20', 'Rafa', '22070.00', '2026-06-01', 'JUNIO_2026', '0', '');
INSERT INTO gasto (id_gasto, id_categoria, detalle, monto, fecha_gasto, periodo, alerta, observaciones) VALUES ('108', '25', 'Remera Argentina', '21663.00', '2026-06-02', 'JUNIO_2026', '0', '');
INSERT INTO gasto (id_gasto, id_categoria, detalle, monto, fecha_gasto, periodo, alerta, observaciones) VALUES ('109', '20', 'Varios', '50000.00', '2026-06-03', 'JUNIO_2026', '0', '');
INSERT INTO gasto (id_gasto, id_categoria, detalle, monto, fecha_gasto, periodo, alerta, observaciones) VALUES ('110', '23', 'UBER', '9192.00', '2026-06-05', 'JUNIO_2026', '0', '');
INSERT INTO gasto (id_gasto, id_categoria, detalle, monto, fecha_gasto, periodo, alerta, observaciones) VALUES ('111', '30', 'Celulares', '60475.05', '2026-06-05', 'JUNIO_2026', '0', '');
INSERT INTO gasto (id_gasto, id_categoria, detalle, monto, fecha_gasto, periodo, alerta, observaciones) VALUES ('112', '20', 'COTO', '221259.00', '2026-06-06', 'JUNIO_2026', '0', '');
INSERT INTO gasto (id_gasto, id_categoria, detalle, monto, fecha_gasto, periodo, alerta, observaciones) VALUES ('113', '22', 'Comida', '45400.00', '2026-06-06', 'JUNIO_2026', '0', '');
INSERT INTO gasto (id_gasto, id_categoria, detalle, monto, fecha_gasto, periodo, alerta, observaciones) VALUES ('114', '18', 'Alquiler y Expensas', '820000.00', '2026-06-09', 'JUNIO_2026', '0', '');
INSERT INTO gasto (id_gasto, id_categoria, detalle, monto, fecha_gasto, periodo, alerta, observaciones) VALUES ('115', '19', 'Impuestos', '47202.11', '2026-06-09', 'JUNIO_2026', '0', '');
INSERT INTO gasto (id_gasto, id_categoria, detalle, monto, fecha_gasto, periodo, alerta, observaciones) VALUES ('116', '23', 'Auto', '180000.00', '2026-06-10', 'JUNIO_2026', '0', '');
INSERT INTO gasto (id_gasto, id_categoria, detalle, monto, fecha_gasto, periodo, alerta, observaciones) VALUES ('117', '30', 'Internet', '50052.00', '2026-06-10', 'JUNIO_2026', '0', '');
INSERT INTO gasto (id_gasto, id_categoria, detalle, monto, fecha_gasto, periodo, alerta, observaciones) VALUES ('118', '21', 'Seguro del auto', '166285.03', '2026-06-10', 'JUNIO_2026', '0', '');
INSERT INTO gasto (id_gasto, id_categoria, detalle, monto, fecha_gasto, periodo, alerta, observaciones) VALUES ('119', '20', 'RAFA', '28800.00', '2026-07-01', 'JULIO_2026', '0', '');
INSERT INTO gasto (id_gasto, id_categoria, detalle, monto, fecha_gasto, periodo, alerta, observaciones) VALUES ('120', '29', 'Misericordia', '242185.90', '2026-07-11', 'JULIO_2026', '0', '');
INSERT INTO gasto (id_gasto, id_categoria, detalle, monto, fecha_gasto, periodo, alerta, observaciones) VALUES ('121', '30', 'Internet', '51256.00', '2026-07-11', 'JULIO_2026', '0', '');
INSERT INTO gasto (id_gasto, id_categoria, detalle, monto, fecha_gasto, periodo, alerta, observaciones) VALUES ('122', '18', 'Alquiler y expensas', '833000.00', '2026-07-11', 'JULIO_2026', '0', '');
